
What is the remainder when 29085 is divided by 183?
171
What is the remainder when 485847 is divided by 474?
471
Calculate the remainder when 86002 is divided by 103.
100
Calculate the remainder when 1129 is divided by 354.
67
Calculate the remainder when 34042 is divided by 227.
219
Calculate the remainder when 37735 is divided by 370.
365
What is the remainder when 19557 is divided by 11?
10
What is the remainder when 6308 is divided by 873?
197
Calculate the remainder when 62779 is divided by 144.
139
What is the remainder when 4437 is divided by 16?
5
Calculate the remainder when 1463 is divided by 688.
87
What is the remainder when 96124 is divided by 1232?
28
Calculate the remainder when 413796 is divided by 7.
5
Calculate the remainder when 502963 is divided by 167647.
22
What is the remainder when 448 is divided by 13?
6
What is the remainder when 7593 is divided by 43?
25
Calculate the remainder when 1826 is divided by 630.
566
What is the remainder when 188775 is divided by 607?
605
What is the remainder when 1373 is divided by 188?
57
Calculate the remainder when 383977 is divided by 54852.
13
What is the remainder when 85211 is divided by 58?
9
What is the remainder when 5999 is divided by 78?
71
Calculate the remainder when 344 is divided by 76.
40
What is the remainder when 34108 is divided by 34096?
12
What is the remainder when 3970 is divided by 582?
478
What is the remainder when 5528 is divided by 24?
8
Calculate the remainder when 5453 is divided by 2345.
763
Calculate the remainder when 5886 is divided by 310.
306
Calculate the remainder when 1364 is divided by 204.
140
What is the remainder when 993 is divided by 105?
48
What is the remainder when 21485 is divided by 671?
13
Calculate the remainder when 2290 is divided by 237.
157
Calculate the remainder when 870438 is divided by 188.
186
What is the remainder when 107799 is divided by 109?
107
What is the remainder when 28904 is divided by 292?
288
What is the remainder when 4962 is divided by 76?
22
What is the remainder when 47722 is divided by 182?
38
What is the remainder when 65127 is divided by 136?
119
What is the remainder when 938531 is divided by 19?
7
Calculate the remainder when 6213 is divided by 7.
4
Calculate the remainder when 12392 is divided by 4078.
158
Calculate the remainder when 11400 is divided by 563.
140
Calculate the remainder when 8993 is divided by 47.
16
What is the remainder when 757757 is divided by 153?
101
What is the remainder when 2290 is divided by 134?
12
Calculate the remainder when 653742 is divided by 112.
110
Calculate the remainder when 17010 is divided by 1676.
250
What is the remainder when 6753 is divided by 322?
313
What is the remainder when 89601 is divided by 29867?
0
Calculate the remainder when 285 is divided by 40.
5
Calculate the remainder when 373326 is divided by 27.
24
Calculate the remainder when 3172347 is divided by 10.
7
What is the remainder when 9439 is divided by 429?
1
What is the remainder when 14396 is divided by 68?
48
What is the remainder when 2792 is divided by 252?
20
What is the remainder when 113554 is divided by 13?
12
What is the remainder when 49200 is divided by 497?
494
What is the remainder when 280803 is divided by 416?
3
Calculate the remainder when 13641 is divided by 1256.
1081
Calculate the remainder when 394025 is divided by 338.
255
What is the remainder when 4457 is divided by 1986?
485
Calculate the remainder when 125150 is divided by 409.
405
Calculate the remainder when 140997 is divided by 235.
232
What is the remainder when 4023 is divided by 288?
279
Calculate the remainder when 3403 is divided by 15.
13
Calculate the remainder when 26239 is divided by 13118.
3
What is the remainder when 20632 is divided by 130?
92
Calculate the remainder when 381066 is divided by 539.
532
Calculate the remainder when 70933 is divided by 197.
13
Calculate the remainder when 11143 is divided by 1852.
31
What is the remainder when 2135 is divided by 2107?
28
Calculate the remainder when 368394 is divided by 14.
12
What is the remainder when 3844 is divided by 3835?
9
What is the remainder when 54167 is divided by 222?
221
Calculate the remainder when 79210 is divided by 23.
21
Calculate the remainder when 27726 is divided by 79.
76
Calculate the remainder when 38163 is divided by 1362.
27
Calculate the remainder when 1876 is divided by 1764.
112
What is the remainder when 20095 is divided by 89?
70
What is the remainder when 785266 is divided by 1490?
36
Calculate the remainder when 64936 is divided by 411.
409
Calculate the remainder when 49986 is divided by 387.
63
What is the remainder when 6158 is divided by 23?
17
What is the remainder when 24554 is divided by 80?
74
What is the remainder when 22287 is divided by 92?
23
What is the remainder when 267736 is divided by 20595?
1
Calculate the remainder when 126899 is divided by 10.
9
Calculate the remainder when 7528 is divided by 90.
58
Calculate the remainder when 2442 is divided by 73.
33
Calculate the remainder when 64942 is divided by 955.
2
What is the remainder when 20928 is divided by 26?
24
What is the remainder when 60648 is divided by 22?
16
Calculate the remainder when 41744 is divided by 32.
16
What is the remainder when 298343 is divided by 7?
3
Calculate the remainder when 8372 is divided by 262.
250
Calculate the remainder when 3990 is divided by 105.
0
What is the remainder when 23 is divided by 7?
2
What is the remainder when 589153 is divided by 87?
76
What is the remainder when 93802 is divided by 24?
10
Calculate the remainder when 1953 is divided by 275.
28
Calculate the remainder when 22322 is divided by 860.
822
What is the remainder when 28582 is divided by 2848?
102
What is the remainder when 699 is divided by 118?
109
What is the remainder when 835 is divided by 304?
227
Calculate the remainder when 8268 is divided by 197.
191
What is the remainder when 66830 is divided by 74?
8
Calculate the remainder when 9054 is divided by 3.
0
Calculate the remainder when 1118193 is divided by 698.
695
Calculate the remainder when 3177 is divided by 179.
134
What is the remainder when 466318 is divided by 116?
114
What is the remainder when 1306 is divided by 158?
42
What is the remainder when 194715 is divided by 118?
15
What is the remainder when 55937 is divided by 666?
659
Calculate the remainder when 42507 is divided by 21232.
43
Calculate the remainder when 3241599 is divided by 42.
39
What is the remainder when 58 is divided by 40?
18
Calculate the remainder when 79462 is divided by 28.
26
Calculate the remainder when 21096 is divided by 21069.
27
Calculate the remainder when 592639 is divided by 2731.
12
Calculate the remainder when 64673 is divided by 76.
73
Calculate the remainder when 19585 is divided by 1786.
1725
Calculate the remainder when 131788 is divided by 79.
16
What is the remainder when 471378 is divided by 13?
11
What is the remainder when 8927 is divided by 186?
185
Calculate the remainder when 6009 is divided by 59.
50
Calculate the remainder when 15189 is divided by 204.
93
Calculate the remainder when 32883 is divided by 114.
51
Calculate the remainder when 16192 is divided by 462.
22
Calculate the remainder when 62091 is divided by 54.
45
Calculate the remainder when 9565 is divided by 682.
17
What is the remainder when 41406 is divided by 13?
1
What is the remainder when 2416546 is divided by 21?
13
What is the remainder when 20949 is divided by 5235?
9
Calculate the remainder when 78167 is divided by 176.
23
What is the remainder when 258239 is divided by 120?
119
Calculate the remainder when 379551 is divided by 58.
57
Calculate the remainder when 1704 is divided by 568.
0
What is the remainder when 104 is divided by 2?
0
What is the remainder when 2028 is divided by 680?
668
Calculate the remainder when 1546 is divided by 70.
6
What is the remainder when 9631 is divided by 39?
37
What is the remainder when 1430 is divided by 411?
197
Calculate the remainder when 1597 is divided by 24.
13
Calculate the remainder when 207205 is divided by 1429.
0
Calculate the remainder when 454125 is divided by 2468.
13
What is the remainder when 123623 is divided by 24?
23
Calculate the remainder when 5420 is di